 261699?
6
What is the thousands digit of 11302648?
2
What is the tens digit of 726766?
6
What is the ten thousands digit of 184601?
8
What is the hundreds digit of 253125?
1
What is the tens digit of 4419148?
4
What is the ten thousands digit of 1074402?
7
What is the hundred thousands digit of 591145?
5
What is the ten thousands digit of 857273?
5
What is the ten thousands digit of 416750?
1
What is the hundred thousands digit of 6119918?
1
What is the hundred thousands digit of 16984649?
9
What is the tens digit of 390792?
9
What is the tens digit of 526725?
2
What is the thousands digit of 1719472?
9
What is the thousands digit of 2346651?
6
What is the units digit of 252324?
4
What is the hundred thousands digit of 990320?
9
What is the millions digit of 6415357?
6
What is the hundred thousands digit of 330076?
3
What is the millions digit of 7214831?
7
What is the hundreds digit of 33108?
1
What is the thousands digit of 797418?
7
What is the units digit of 1203078?
8
What is the hundred thousands digit of 7844572?
8
What is the thousands digit of 201174?
1
What is the tens digit of 24540564?
6
What is the units digit of 76633?
3
What is the ten thousands digit of 7325801?
2
What is the ten thousands digit of 14596227?
9
What is the units digit of 18947910?
0
What is the ten thousands digit of 4550601?
5
What is the thousands digit of 5062099?
2
What is the thousands digit of 1584044?
4
What is the thousands digit of 1994286?
4
What is the thousands digit of 6968186?
8
What is the hundreds digit of 299683?
6
What is the tens digit of 3656768?
6
What is the ten thousands digit of 1195173?
9
What is the ten millions digit of 25513492?
2
What is the hundreds digit of 408153?
1
What is the tens digit of 7515477?
7
What is the ten millions digit of 27156612?
2
What is the hundred thousands digit of 6077199?
0
What is the units digit of 15017726?
6
What is the hundreds digit of 476794?
7
What is the units digit of 18266780?
0
What is the units digit of 19949717?
7
What is the units digit of 216108?
8
What is the thousands digit of 184793?
4
What is the ten thousands digit of 5858312?
5
What is the thousands digit of 372184?
2
What is the thousands digit of 537747?
7
What is the tens digit of 9118594?
9
What is the hundreds digit of 524538?
5
What is the ten thousands digit of 2704805?
0
What is the hundreds digit of 65300?
3
What is the units digit of 137129?
9
What is the hundreds digit of 60598?
5
What is the hundred thousands digit of 5036081?
0
What is the units digit of 13185140?
0
What is the hundred thousands digit of 28353677?
3
What is the hundred thousands digit of 7887712?
8
What is the tens digit of 645944?
4
What is the hundreds digit of 3715688?
6
What is the ten thousands digit of 21364628?
6
What is the tens digit of 10142357?
5
What is the hundreds digit of 1316572?
5
What is the hundreds digit of 1886240?
2
What is the ten millions digit of 34545898?
3
What is the tens digit of 712533?
3
What is the ten thousands digit of 10074675?
7
What is the hundreds digit of 695340?
3
What is the units digit of 6500980?
0
What is the hundreds digit of 326974?
9
What is the hundred thousands digit of 4487527?
4
What is the units digit of 613876?
6
What is the hundreds digit of 611015?
0
What is the units digit of 402401?
1
What is the units digit of 180016?
6
What is the ten thousands digit of 179306?
7
What is the hundreds digit of 18530?
5
What is the tens digit of 9536754?
5
What is the ten thousands digit of 3390204?
9
What is the ten thousands digit of 19914?
1
What is the hundreds digit of 267454?
4
What is the hundreds digit of 3868690?
6
What is the ten millions digit of 30266931?
3
What is the thousands digit of 252990?
2
What is the tens digit of 2348840?
4
What is the hundred thousands digit of 1377899?
3
What is the thousands digit of 202231?
2
What is the units digit of 163987?
7
What is the hundred thousands digit of 505649?
5
What is the tens digit of 4445788?
8
What is the units digit of 125889?
9
What is the ten thousands digit of 7892897?
9
What is the units digit of 182577?
7
What is the ten thousands digit of 421152?
2
What is the hundred thousands digit of 1347868?
3
What is the hundreds digit of 427415?
4
What is the units digit of 492381?
1
What is the tens digit of 15312000?
0
What is the millions digit of 6469907?
6
What is the hundred thousands digit of 397900?
3
What is the tens digit of 167819?
1
What is the ten thousands digit of 1149620?
4
What is the hundred thousands digit of 316223?
3
What is the thousands digit of 3651991?
1
What is the hundreds digit of 272434?
4
What is the ten thousands digit of 419024?
1
What is the hundreds digit of 2746411?
4
What is the hundreds digit of 8789343?
3
What is the hundred thousands digit of 162218?
1
What is the thousands digit of 3125213?
5
What is the hundred thousands digit of 7410648?
4
What is the hundreds digit of 251424?
4
What is the units digit of 1123476?
6
What is the units digit of 765934?
4
What is the ten thousands digit of 429685?
2
What is the units digit of 25974361?
1
What is the thousands digit of 20329576?
9
What is the units digit of 146950?
0
What is the ten thousands digit of 476187?
7
What is the ten thousands digit of 961887?
6
What is the hundreds digit of 1091259?
2
What is the hundreds digit of 9727?
7
What is the hundreds digit of 394176?
1
What is the hundreds digit of 1637072?
0
What is the thousands digit of 1214055?
4
What is the thousands digit of 973092?
3
What is the hundreds digit of 11591892?
8
What is the hundreds digit of 395755?
7
What is the units digit of 61876?
6
What is the hundreds digit of 4794658?
6
What is the units digit of 3545876?
6
What is the thousands digit of 9522901?
2
What is the thousands digit of 125442?
5
What is the hundreds digit of 318579?
5
What is the hundred thousands digit of 30131636?
1
What is the hundred thousands digit of 3764258?
7
What is the hundreds digit of 204803?
8
What is the tens digit of 1244877?
7
What is the ten millions digit of 10418387?
1
What is the tens digit of 2865023?
2
What is the millions digit of 8970848?
8
What is the thousands digit of 3585932?
5
What is the hundred thousands digit of 10922358?
9
What is the hundreds digit of 1199107?
1
What is the ten thousands digit of 470943?
7
What is the millions digit of 6510416?
6
What is the hundreds digit of 1223955?
9
What is the ten thousands digit of 19195?
1
What is the thousands digit of 457141?
7
What is the hundreds digit of 2775291?
2
What is the hundred thousands digit of 1206888?
2
What is the units digit of 107465?
5
What is the ten thousands digit of 2565262?
6
What is the tens digit of 2174070?
7
What is the units digit of 10840011?
1
What is the millions digit of 3658324?
3
What is the thousands digit of 1882187?
2
What is the hundreds digit of 14468309?
3
What is the millions digit of 3430586?
3
What is the hundred thousands digit of 474235?
4
What is the thousands digit of 771350?
1
What is the millions digit of 1122453?
1
What is the ten thousands digit of 265671?
6
What is the hundreds digit of 1260578?
5
What is the tens digit of 77216?
1
What is the thousands digit of 13504853?
4
What is the ten thousands digit of 6052968?
5
What is the hundred thousands digit of 360011?
3
What is the tens digit of 2375852?
5
What is the ten thousands digit of 17040092?
4
What is the ten thousands digit of 2479630?
7
What is the hundred thousands digit of 33666494?
6
What is the thousands digit of 202872?
2
What is the hundreds digit of 22660?
6
What is the thousands digit of 12091438?
1
What is the thousands digit of 21503754?
3
What is the ten thousands digit of 476461?
7
What is the ten millions digit of 10899868?
1
What is the thousands digit of 298316?
8
What is the hundreds digit of 477519?
5
What is the hundred thousands digit of 1975082?
9
What is the hundred thousands digit of 1112421?
1
What is the thousands digit of 290700?
0
What is the hundreds digit of 119106?
1
What is the tens digit of 406954?
5
What is the hundred thousands digit of 3214731?
2
What is the hundred thousands digit of 261066?
2
What is the hundred thousands digit of 4345858?
3
What is the tens digit of 868066?
6
What is the tens digit of 83423